prime factors of 69336 + 4/1*(-75)/60.
19, 41, 89
Suppose -g + 2*g - 2*n + 16 = 0, -4*g - n = 82. Let s = g - -20. Suppose 4*i + 22 - 334 = s. What are the prime factors of i?
2, 3, 13
Suppose 4*k = 528 + 656. Let c = k - 232. List the prime factors of c.
2
Let x(m) be the first derivative of 2*m**3/3 + 15*m**2 - 52*m + 74. What are the prime factors of x(-17)?
2
Let y(r) = 4729*r - 3023. List the prime factors of y(4).
23, 691
Let w = 4080 + -955. Suppose -82*s = -77*s - w. What are the prime factors of s?
5
Let p(c) = -2*c + 2. Let x(z) = -10*z**2 - 7*z - 62. Let a(w) = -5*p(w) - x(w). List the prime factors of a(-3).
7, 13
Let j(h) = -29*h - 168. Let f(r) = -r**2 - r + 10. Let m be f(7). List the prime factors of j(m).
2, 11, 53
Suppose a + 25 = 5*v, 4*a = v - 32 + 8. Let q be (-1 - 1 - -4) + -4 + v. Suppose q*d - 430 = 44. List the prime factors of d.
3, 79
Suppose -50*c + 19*c + 5766 = 0. Let l = 520 + c. What are the prime factors of l?
2, 353
Suppose 25*c - 21*c - 38868 = -4*t, -38838 = -4*t + c. List the prime factors of t.
3, 13, 83
Let c = -32 - -26. Let m = -4 - c. Suppose 188 = m*b + 4*s, -2*b + s + s + 206 = 0. List the prime factors of b.
2, 5
Let k = -324 + 638. Suppose 0 = 2*j - 140 - k. Let w = -105 + j. What are the prime factors of w?
2, 61
Let i = -188904 + 268920. List the prime factors of i.
2, 3, 1667
Let m(x) = -x**2 + 6*x - 5. Let k be m(5). Suppose k = -2*n - 4*c - 10, -2*n + 0*c = -5*c - 8. What are the prime factors of ((-2)/(-4))/n + (-2761)/(-22)?
5
Suppose 0 = -s + 5*z + 3948, -10538 = -5*s + 2*z + 9363. List the prime factors of s.
7, 569
Suppose -20593 + 2013 = -4*u - 4*p, -4*p - 51080 = -11*u. What are the prime factors of u?
2, 3, 43
Let d = 2156 - -1680. What are the prime factors of d?
2, 7, 137
Suppose 2*b + 2806 = 3*m - 10013, -2*b + 12843 = 3*m. List the prime factors of m.
7, 13, 47
Let a(c) = -16*c**3 + 3*c - 1. Let x be a(1). What are the prime factors of (-3989)/(-9) - ((-168)/54)/x?
443
Let n(w) be the first derivative of 1/4*w**4 - 13/3*w**3 - 6 + 8*w**2 + 13*w. What are the prime factors of n(12)?
61
Suppose 0 = -5*k + 39 - 14. Suppose -970 = -4*u - k*y + 3*y, 2*u = 3*y + 505. Suppose -7*p = -2*p - u. List the prime factors of p.
7
Suppose 85*h - 3142504 = 3920110 - 2384214. What are the prime factors of h?
2, 5, 43
Suppose -13*j + 3*d + 1016 = -9*j, -8 = -2*d. Let l = j + -240. List the prime factors of l.
17
Let v(p) = -p**2 - p + 3. Let h be v(-1). Suppose -h*n = -0*b - b - 1009, 3*b = -2*n + 669. What are the prime factors of n?
2, 3, 7
Suppose 0 = -30*s - 119 - 301. Let v(n) = -33*n - 52. What are the prime factors of v(s)?
2, 5, 41
Let l be (0 - -25) + (4 - (-2 + 3)). Suppose 41 = g + l. What are the prime factors of g?
13
Let v(p) = -352*p**3 + 8*p**2 - 15*p + 35. What are the prime factors of v(-5)?
2, 3, 5, 7, 211
Suppose 3*f - 6 = h, 5*h + 9 = 5*f - 1. Suppose h = -0*n + n - 6. Let v(w) = 3*w**2 - 2*w + 9. List the prime factors of v(n).
3, 5, 7
Let y(x) = -57*x - 13. Let b(h) = -h**3 + 5*h**2 + 25*h - 12. Let o(u) = -u**2 + 8. Let c be o(0). Let k be b(c). What are the prime factors of y(k)?
5, 43
Let n(s) = s**2 + 4*s + 5. Let y be n(-7). Suppose -9*g + 37 + y = 0. Let q(h) = -h**3 + 7*h**2 + 8*h + 10. List the prime factors of q(g).
2, 3, 11
Suppose 5*y = -4*x + 8*x + 59546, -y - 4*x = -11890. What are the prime factors of y?
2, 5953
Suppose -50*p + 12 = -46*p. Suppose -p*z + 48 = -2*q - 8, -4*q - z = 112. Let h = q + 40. What are the prime factors of h?
2, 3
Let g be 3 - -111*(4 - 20/3). Let o = g - -562. What are the prime factors of o?
269
Let v(m) = 20*m + 168. Let l(z) = 6*z + 42. Let j(i) = -22*l(i) + 6*v(i). List the prime factors of j(-5).
2, 3
Suppose -3*v = -h - 92107, 61003 = 3*v + 3*h - 31100. What are the prime factors of v?
2, 3, 7, 17, 43
Let z be 1 - (-165)/10 - (-6)/4. Suppose -t + 21 = z. Suppose 3*m - 568 = -5*p + 5*m, -t*m + 104 = p. What are the prime factors of p?
2, 7
Let h(j) = -20*j**3 - j**2 - 4*j + 3. Suppose -q + 5*f - 23 = 0, 0 = 5*f - 31 + 6. Let t be h(q). Let b = 253 + t. List the prime factors of b.
2, 3, 7
Let g = -1151 - -450. Let o = 990 + g. Let u = o + -125. List the prime factors of u.
2, 41
Suppose 4209730 + 2926328 = 114*v. What are the prime factors of v?
62597
Suppose -4*f - 2*p = -22, -3*f = 3*p - 5 - 4. Suppose 0*g = -k + 7*g + 1202, -2*g + f = 0. What are the prime factors of k?
2, 3, 5, 41
Let z = -2259 - -7553. Let b = z - 3616. What are the prime factors of b?
2, 839
Suppose 2110*v - 2070*v = 807040. What are the prime factors of v?
2, 13, 97
Suppose -4 = -2*s + a, -7*a = -4*s - 4*a + 4. Suppose 0 = 2*j - 5*k - 1658, 4*j = -8*k + s*k + 3372. What are the prime factors of j?
839
Suppose 24 = 4*c - 4*w - 48, 14 = c + w. Suppose -f + c = 3*f + 3*l, 0 = 4*l - 16. Let u = 11 - f. List the prime factors of u.
2, 5
Let i be 2/((21/(-6))/(-7)) + -2. Suppose -i*j = -6, -5*n + 5*j + 4652 = -328. List the prime factors of n.
3, 37
Let d(h) = 91*h + 372. What are the prime factors of d(30)?
2, 3, 11, 47
Let y = 130746 + -71970. What are the prime factors of y?
2, 3, 31, 79
Let g(m) = -m**3 + 32*m**2 + 14*m - 49. Let r be g(29). Suppose 3*f - r = -7*f. List the prime factors of f.
2, 3
Let j = 24 + -22. Suppose 9*q = 10*q - 47. Suppose j = 7*a - q. List the prime factors of a.
7
Let n(g) = -g**3 + 27*g**2 - 43*g. Let d be n(23). Let o = 2456 - d. List the prime factors of o.
3, 443
Let f be 1*(3/(-1) + 2). Let b(x) be the second derivative of 23*x**4/6 - 2*x**3/3 - 3*x**2/2 + 3*x. What are the prime factors of b(f)?
47
Let z be ((-3364)/406)/((-4)/14). Suppose z*k - 8*k = 24990. What are the prime factors of k?
2, 5, 7, 17
What are the prime factors of -6*4/40 - (-209796)/60?
2, 19, 23
Suppose 5 = -5*i - 5*h, 3*i + h - 22 = 3*h. Suppose 21*o - 5*s = 24*o - 1852, i*s = -16. List the prime factors of o.
2, 3, 13
Let j be (-2)/12 + (-55)/66. Let t be ((-1)/j - 2) + 32. Let h = 43 - t. List the prime factors of h.
2, 3
Suppose -5*y - 2*t - 2507 = -7932, -4322 = -4*y + 2*t. Suppose -36*g + 33*g + y = 0. List the prime factors of g.
19
List the prime factors of (45/(-25))/(21/105) - -29700.
3, 3299
Let u be (-8628)/(-36) - 8/(-6). Suppose -u - 1079 = -20*j. List the prime factors of j.
2, 3, 11
Let r be 1/((-244)/(-60) + -4). Let w be (6 + -3)/(-9) + 65/r. Suppose -488 = -w*g + 184. What are the prime factors of g?
2, 3, 7
Let h be 591 - (-8 + 2 + 2). Suppose 4*z + 151 = h. List the prime factors of z.
3, 37
Let r be ((-287 - 0) + 3)/(-2). Suppose -5*b + r + 418 = 0. Suppose 95*t = 96*t - b. List the prime factors of t.
2, 7
Let i(g) = -5*g**2 - 8*g - 4. Let u be ((-5)/10)/(4/24). Let j be i(u). Let q = 43 + j. List the prime factors of q.
2, 3
Let r(z) = -8*z**2 + 18*z + 4. Let l be r(5). Let y be 198 + 1 + 2/1. Let s = l + y. List the prime factors of s.
5, 19
Let q = -13689 + 23425. List the prime factors of q.
2, 1217
Let d(q) = q**3 - 4*q**2 - 10*q + 7167. List the prime factors of d(0).
3, 2389
Suppose 5*m + 5*d - 67090 = 0, 4*m + 12*d - 28452 = 25204. List the prime factors of m.
2, 5, 11, 61
Let b(z) = 82*z - 41. List the prime factors of b(35).
3, 23, 41
Let p = 39276 + -24335. List the prime factors of p.
67, 223
Let h(k) = 22*k - 4*k**3 - 3*k**2 + 3*k**3 - 1 + 6. List the prime factors of h(-9).
293
Let o = 34605 + -17841. What are the prime factors of o?
2, 3, 11, 127
Let x be ((-5)/4)/(36/(-3600)). Let d be (-5)/(x/(-60))*-5. Let a = 102 - d. List the prime factors of a.
2, 3, 19
Let n = -93422 + 173387. List the prime factors of n.
3, 5, 1777
Let i(u) = -u**3 - 8*u**2 - 8*u - 4. Let h be i(-7). Suppose -7*v + 1435 = -3*v + h*r, 4*v + r = 1433. List the prime factors of v.
2, 179
Suppose 0 = -5*c + d + 35156, -d = 35*c - 34*c - 7036. List the prime factors of c.
2, 3, 293
Let d(x) = -3*x**2 + x + 42. Suppose c - 3*c - i = -3, 4*i = -5*c + 12. List the prime factors of d(c).
2, 3, 7
Suppose 51 + 1569 = 4*v. Suppose -1736 = 11*x - v. Let f = -40 - x. What are the prime factors of f?
3
Suppose 6*q - 10*q = -3*v + 22, v - 4*q = 10. What are the prime factors of (-1964)/6*v/(-4)?
491
Suppose 6322 = 9*z - 10076. Suppose 4*l - h = z, -353 = -5*l - 5*h + 1937. Suppose 0 = -4*p - 5*t + l, p + 5*t = 2*p - 139. List the prime factors of p.
7, 17
Su